1*(32 + 0) - -1.
30
Let c = -25 + 43. Suppose 3*m - 34 = -5*o, 2*o - 3*m - 1 = -0*o. What is the remainder when c is divided by o?
3
Suppose 3*d - 2*j + 23 = 0, -2*j - 8 = 5*d + 9. Calculate the remainder when 12 - 4/(4 + -3) is divided by 7 - 1/(d/(-10)).
3
Suppose 0 - 28 = -2*m - 5*n, n = m. Let a(i) = 9*i + 49. Calculate the remainder when a(-4) is divided by m.
1
Let h(z) = z**3 + 9*z**2 - 21*z + 1. Let y be h(-11). What is the remainder when 14 is divided by 2/(2/(-5))*10/y?
4
Let z(t) = 41*t**2 + 1. Let h be z(-1). Let s = h + 4. Calculate the remainder when s is divided by (1/2)/(1/24).
10
Calculate the remainder when -5 - -3 - 7/(14/(-636)) is divided by 64.
60
Let j = -1467 + 1864. What is the remainder when j is divided by 40?
37
Let p = 1885 + -1876. What is the remainder when 771 is divided by p?
6
Suppose -76 = r - 5*r + 4*q, 0 = r + 3*q - 27. Suppose 5*p - 27 = 18. Let c(g) = -g**3 + 9*g**2 + g - 1. What is the remainder when r is divided by c(p)?
5
Let o(p) = 4*p**3 - p**2 - 9*p + 17. Calculate the remainder when o(3) is divided by 6.
5
Suppose -31*p + 1 = -30*p. Let d = p - -100. Calculate the remainder when d is divided by 34.
33
Let x = -470 - -520. Let u(k) = 2*k + 1 + 1 - 4 + k**2. Calculate the remainder when x is divided by u(3).
11
Let s(o) = -o**3 - o**2 + 41*o. Calculate the remainder when 285 is divided by s(-7).
5
Suppose -2*j = -b - 340, 4*b + 101 = 93. What is the remainder when j is divided by 10?
9
Suppose 94 = 3*a - 65. Suppose -5*m = -11*m - 198. Let l = m + 60. Calculate the remainder when a is divided by l.
26
Let x(k) = 5*k - 8. Suppose -244 = 5*z + 21. Let n = 27 - z. What is the remainder when n is divided by x(7)?
26
Suppose t + s - 8 = 0, -4*t + 5*t - 16 = s. What is the remainder when 153 is divided by t?
9
Let g = -365 + 447. Calculate the remainder when g is divided by 21.
19
Suppose 2*u = -2, 2*d + 4*u + 12 = 46. What is the remainder when d is divided by (1/(-2))/((-1)/24)?
7
Let h(r) = -3*r - 5. Suppose -c + 2*c = 23. What is the remainder when (-16)/56 + c/7 is divided by h(-2)?
0
Let d = 7 - -34. Let m = -3089 + 3111. Calculate the remainder when d is divided by m.
19
Let q be 464/(-24)*3/2. Let j(k) = 4*k + 6. Let i be j(-6). Let m = i - q. What is the remainder when 18 is divided by m?
7
Let s(d) = 22*d + 170. What is the remainder when s(-6) is divided by 16?
6
Let p(f) = 2*f + 14. Let u(s) = 1. Let n(k) = -p(k) - 2*u(k). What is the remainder when -8*6/(-4) - -3 is divided by n(-12)?
7
Suppose z - i = 31 + 40, 4*z = 5*i + 281. Suppose s = 3*r - 7*r + 95, 2*s + 10 = 0. Calculate the remainder when z is divided by r.
24
Suppose 12 = p - 35. Let l = -22 + p. Let r = l - 14. Calculate the remainder when r is divided by 4.
3
What is the remainder when 125 + (-20)/5 + 1 + 2 is divided by 32?
28
Let d(m) = -m**2 - 16*m - 37. Let j be d(-13). Suppose 3*o = 2*y - 132, -2*o + 124 - 2 = j*y. Calculate the remainder when y is divided by 5.
3
Suppose 2*c - 1155 = -5*y, 5*y - 3*y - 462 = -2*c. What is the remainder when y is divided by 78?
75
Let m = 32 + -53. Let f = 31 + m. Suppose -f*u + 9*u + 74 = 0. What is the remainder when u is divided by 19?
17
Let i = -2017 - -2028. Suppose 121 + 9 = w. Calculate the remainder when w is divided by i.
9
Let h = -185 - -288. Calculate the remainder when h is divided by 33.
4
Let z(j) = j**2 + 16*j + 18. Let d be z(-13). What is the remainder when ((-52)/(-6))/((-2)/d) is divided by 19?
15
Let z(n) = 7*n - 50. Let g be z(8). Suppose q = 12 - g. What is the remainder when q is divided by 2?
0
Suppose 99*h - 98*h - 5 = 0. What is the remainder when 71 is divided by h?
1
Suppose n + 14 = 5. Let r = 24 - n. Calculate the remainder when r is divided by 4.
1
Let b = 51 - 29. Let h be (-2 - 0)/(8 - 6). Let z(i) = -86*i - 1. What is the remainder when z(h) is divided by b?
19
Let p(i) = 41*i + 2. Let f(u) = u**3 + 4*u**2 + 2. What is the remainder when p(1) is divided by f(-3)?
10
Let i = -38 + 64. Let q = -19 + i. Calculate the remainder when q is divided by 4.
3
Let f = 568 - 560. What is the remainder when 38 is divided by f?
6
Let q(x) = x**3 + 2*x**2 - 2*x + 32. What is the remainder when 53 is divided by q(0)?
21
Let t be -3*5*(-7)/((-105)/50). Let u = -33 - t. Let n = 161 + -113. Calculate the remainder when n is divided by u.
14
Suppose 0 = 43*n + 1178 - 8488. Calculate the remainder when n is divided by 58.
54
Let h(r) = r**3 + 16*r**2 - 20*r + 36. Calculate the remainder when 514 is divided by h(-17).
79
Suppose -55*d - 1380 = -78*d. Calculate the remainder when 295 is divided by d.
55
Suppose -o = 6*o - 490. Suppose 5*n + 76 = 2*n + 5*r, -5*n = 3*r + o. Let g = n - -40. Calculate the remainder when 42 is divided by g.
19
Suppose -2 = 8*g - 4*g + 3*s, 0 = 5*g + s - 3. Let m(f) = 2*f**2 + 24*f - 22. What is the remainder when m(-13) is divided by g?
0
Let h = -3026 + 3039. Suppose -30 = -u + 19. Calculate the remainder when u is divided by h.
10
Suppose -5*r = -3*g - 4370, 2884 = 4*r + 3*g - 612. Suppose 5*v - 96 = r. What is the remainder when v is divided by 39?
38
Let u = -12 - -16. Suppose m = -3*g + 56, -3*m + 2 = -u. Calculate the remainder when 89 is divided by g.
17
Suppose 11 = a + 3*z, 3*z - 2*z - 5 = -a. Suppose -a*p + 19 = -p. What is the remainder when 36 is divided by p?
17
Let q(o) = -o**2 - 5*o + 5. Let f be q(-5). Suppose -f*z + 1 = -9. Suppose s + z*t + 52 = 3*s, -3*t = -2*s + 52. What is the remainder when s is divided by 7?
5
Suppose -170*j = -3*k - 174*j + 618, -5*k = -4*j - 998. What is the remainder when k is divided by 73?
56
Let p = -108 - -45. Let v = 83 + p. Calculate the remainder when 34 is divided by v.
14
Let h be ((-21)/(-9))/(8/24). Suppose r - h = 15. What is the remainder when r is divided by 8?
6
Let a = 477 + -380. What is the remainder when a is divided by 5?
2
Suppose -933 = 8*x - 10*x - 3*g, -3*g - 15 = 0. Calculate the remainder when x is divided by 34.
32
Calculate the remainder when 45 is divided by 159/27 + 7/63.
3
Let r = -124 + 39. Let s = -25 - r. What is the remainder when ((-3)/(-6) - 0)*s is divided by 16?
14
Suppose -s + 0*s + 5 = 0, -4*s + 65 = 5*b. Let g(p) = 2*p - 15. Suppose -3*d = 4*x - 33, -4*d - x + 2 = -55. Calculate the remainder when g(d) is divided by b.
6
Let h(f) be the second derivative of -1/2*f**2 + 0 - 1/6*f**3 + 1/3*f**4 + 4*f + 1/20*f**5. Calculate the remainder when h(-4) is divided by 3.
0
Let q = 732 + -712. What is the remainder when 354 is divided by q?
14
Suppose 1237 = 33*a + 412. Calculate the remainder when 51 is divided by a.
1
Let s(v) = 4 - 4 + 2 + v + 2. Suppose -2*p + 10 + 4 = 0. What is the remainder when s(8) is divided by p?
5
Let n = -7 + 11. Suppose -y - n*g + 13 = 0, -4*g + 14 = -2. What is the remainder when 52 is divided by 30 - (y*4)/(-4)?
25
Suppose 2*v - 8 = -50. Let n = 59 + v. What is the remainder when 148 is divided by n?
34
Let v(t) = -t**3 - 4*t**2 + 2*t + 18. What is the remainder when 197 is divided by v(-5)?
32
Let a be (-1106)/(-10) - 1/((-30)/(-18)). Suppose 32 - a = -m. Suppose 4*k + 64 = 3*j, -3*j - 4*k + 48 = j. Calculate the remainder when m is divided by j.
14
Suppose 2*z = -4*f + 240, -z - 108 = -2*f + 4*z. Suppose 10*y + 3*k + 12 = 12*y, -2*k + 20 = y. Calculate the remainder when f is divided by y.
11
Let u be ((-3 + 3)/3)/(-2). Suppose u = 2*g + 3*q - 33, -5*g + 4*q - 11 + 59 = 0. Calculate the remainder when 44 is divided by g.
8
Suppose 2*p - 4*w - 10 = 28, -4*p + 76 = 2*w. What is the remainder when p is divided by 5?
4
Let d = 5 + 3. What is the remainder when 61 is divided by (26/d + 12/16)*4?
13
Suppose 35*w - 7386 = -1891. Calculate the remainder when w is divided by 10.
7
Suppose -15*m - 115 = -1135. Let h(b) = -b + 8. Let f be h(4). Suppose f*j = -2 + 14, j = -5*d + 118. What is the remainder when m is divided by d?
22
Suppose 28 = 3*h + h. Suppose -h*u - 5*u = -36. Calculate the remainder when u is divided by 1.
0
Suppose -9 - 35 = c. Let g = c + 0. Let k = g + 80. What is the remainder when k is divided by 13?
10
Let t be 5/((-15)/(-12))*(-5)/(-10). Suppose t*o = 20 + 14. Calculate the remainder when 45 is divided by o.
11
Let s = -97 - -93. What is the remainder when ((-320)/(-12))/(-2)*9/s is divided by 18?
12
Let c(x) = -26*x + 141. 